14 and b?
46
Let j = 232 + -162. Calculate the greatest common divisor of 56 and j.
14
Let j be ((-8)/(-20))/((-3)/(-30)). Let r = 0 - j. Let d be (-108)/r + (-2 - 1). What is the highest common factor of 12 and d?
12
Let z(p) = p**3 + 18*p**2 + 5. Let t be z(-18). Let x be 47/9 - 6/27. Calculate the greatest common divisor of x and t.
5
Let h(a) = 0*a - 2*a - 4 - 3 + a. Let d be h(-12). Suppose d*z - 25 = -10. Calculate the highest common factor of 24 and z.
3
Suppose 70 = k + 4*k. Suppose 4 = 2*j - 4*j. Let f(c) = -11*c - 1. Let b be f(j). What is the highest common divisor of b and k?
7
Suppose -v = 11*j - 7*j - 5, -20 = -2*v + 2*j. What is the greatest common divisor of v and 2?
1
Suppose 16*w - 118*w + 14280 = 0. Calculate the greatest common factor of 168 and w.
28
Suppose -11*x = -6*x - 280. Suppose 2*z - 6*z + x = 0. What is the greatest common factor of z and 28?
14
Let k(q) = -2*q + 56. Let r be k(19). Calculate the highest common factor of 24 and r.
6
Let h = 21 + -18. Let b be h/(-3 - (2 - 6)). Suppose 0 = -b*a + 6*a - 54. What is the highest common divisor of a and 45?
9
Suppose 0 = 2*s + 5*l - 43, 74*s + 2*l - 34 = 72*s. What is the greatest common divisor of s and 42?
14
Let h = -25 - -209. Suppose 2*c = z + h, 2*z - 10 + 198 = 2*c. Calculate the greatest common factor of 18 and c.
18
Let k = 13 + 116. Let s = k + -81. What is the highest common factor of s and 32?
16
Let o(a) = -a**3 - 8*a**2 + 17*a - 1. Let c be o(-12). What is the highest common divisor of c and 106?
53
Let m be 11 - 1 - (-2 - -4). Suppose -117 = -m*a + 35. Calculate the greatest common divisor of a and 38.
19
Let w be (-189)/(-35) + 4/(-10). Suppose -5*v + 0 = 5, 4*k - 1367 = -w*v. What is the greatest common factor of k and 49?
49
Let s(x) = -8*x**3 - 2. Let c be s(-2). Suppose -c - 136 = -9*p. Calculate the highest common divisor of 99 and p.
11
Let i = 8 - 5. Let s(k) = -k**2 - 44*k - 401. Let v be s(-13). Calculate the greatest common divisor of v and i.
1
Suppose 3*n - 4*i = -3*i, 0 = 3*n + 3*i. Suppose n*g = -4*g + 140. What is the greatest common divisor of g and 14?
7
Suppose -5*l = 2*k - 61, 3*l + k + 4 - 40 = 0. Suppose 0 = -16*b + 310 + 42. What is the greatest common factor of b and l?
11
Let r = 162 + -72. Let s = -34 + r. Calculate the highest common factor of s and 7.
7
Suppose 0*i = 2*i + 3*r, 2 = -2*i - 4*r. Let a = 0 - -7. Suppose -i*u = -a*u + 324. Calculate the greatest common divisor of u and 9.
9
Let k(y) = y + 5. Let m be k(-5). Let i(h) = 16*h - 55*h + 18*h + 315 + 19*h. Let f be i(m). What is the greatest common divisor of 35 and f?
35
Suppose 70*i - 1584 = 48*i. What is the highest common factor of i and 18?
18
Let y be (2 + 2 + -3)*(-15)/(-1). What is the highest common divisor of 25 and y?
5
Let y be ((-5)/15)/((-1)/6). Let s = -181 + 183. Calculate the greatest common divisor of s and y.
2
Suppose w = 5*p - 505, 7*p + 2*w = 4*p + 290. What is the highest common divisor of 425 and p?
25
Let b(d) = -20*d + 9 + d**2 + d**2 + 26*d - 3*d**2. Let s be b(6). Calculate the greatest common divisor of 12 and s.
3
Let j be 69/15 - 6/(-15). Suppose -3*f + 2*f = 4*t - 100, -j*t - 2*f + 125 = 0. Suppose -n = 4*n - t. Calculate the greatest common divisor of n and 5.
5
Suppose 4*f - 53 = -11*t + 12*t, -5*f + t = -65. Calculate the highest common factor of 12 and f.
12
Let y be (-112)/(-5) + (-4)/10. Let p be 66/297 + y/18*125. What is the highest common factor of p and 17?
17
Let x = 42 - 33. Let c be x - (5 + 0 + -1). What is the highest common factor of c and 35?
5
Let t be 3 - ((2 - -1) + -2). Suppose t*q + 1080 = 6*q. Let k = 117 + -87. What is the greatest common divisor of k and q?
30
Let a(i) = -i. Let s(w) = -26*w. Let y(v) = 39*a(v) - s(v). Let k be y(-2). Let c = k + -15. Calculate the highest common factor of 1 and c.
1
Let b be (-6)/1*(-6)/36*0. Suppose b = -7*i + 1008 + 357. Calculate the highest common factor of 15 and i.
15
Suppose 4*o + 3*y = 4*y - 6, o + 5*y - 9 = 0. Let a be 9828/30 + ((-3)/5 - o). Calculate the greatest common divisor of 41 and a.
41
Let x(y) = 3*y**2 + y + 1. Let g be x(-1). Let l(c) = c**2 - 2*c + 21. Let i be l(0). Calculate the greatest common factor of i and g.
3
Let y = -373 + 412. What is the highest common divisor of y and 195?
39
Let y = 1368 + -956. Suppose 0 = -5*s - y - 1388. Let t = 516 + s. Calculate the highest common divisor of t and 39.
39
Let u(b) = 17*b + 11. Let y be u(5). Suppose 3*p = -p + y. Suppose 5*x - p = 3*x. Calculate the greatest common divisor of x and 84.
12
Let g be (4/(-8))/(1*6/(-1008)). Calculate the greatest common factor of g and 196.
28
Let s(v) = -3*v**2 + 24*v + 8. Let y be s(8). Suppose 0 = y*p - 7*p - 50. Calculate the highest common factor of p and 125.
25
Suppose -u = 5, -v + u + 2 + 5 = 0. Suppose 3*y - 297 = -5*b + v*b, 3*y - 5*b = 337. What is the greatest common factor of 13 and y?
13
Suppose -b + 5*a + 16 = -18, -4*a - 16 = 0. What is the highest common factor of 434 and b?
14
Let y = 18 - -136. What is the highest common factor of y and 33?
11
Suppose -35*p + 39*p - 186 = -2*q, q - 102 = -5*p. What is the highest common factor of q and 4437?
87
Let m be (-640)/(-15)*((-6)/4 + 3). What is the highest common divisor of m and 128?
64
Let l(p) = p**2 + 2*p. Let z be l(2). Let d = 166 + -162. Suppose 0 = -r + d*w + 44, -r + 3*w = 3*r - 137. What is the greatest common factor of r and z?
8
Let b be (-117)/(-45) - 6/10. Suppose b*s - v - 1 = 0, -3*s - 2*v + 2 = 4. Let r be 4 + s - 0/2. What is the highest common factor of 10 and r?
2
Let o(w) = -w**3 - 3*w**2 + 26*w + 139. Let n be o(-5). What is the highest common divisor of 413 and n?
59
Let d be (6/(-4))/((-3)/14). Let r = d - 13. Let u = 11 + r. Calculate the highest common divisor of u and 45.
5
Let d(x) = -22*x - 1. Let v be d(-2). Let m be (3 - 1) + (v - 3). Suppose 114*l = 106*l + 48. What is the greatest common factor of m and l?
6
Let x = -95 + 115. Let h be 8*(4 + (-22)/8). Calculate the highest common divisor of x and h.
10
Suppose -5*l - 229 + 25 = -s, 5*s - 1048 = -3*l. Let h = -101 + s. Calculate the greatest common divisor of h and 12.
12
Let a = 9 - 10. Let l be 3 + (a - 1) - -6. Let q(p) = p + 3. Let g be q(l). What is the greatest common factor of 15 and g?
5
Suppose 69498 = 100*y - 22*y. What is the highest common factor of y and 33?
33
Suppose 3*a = 38 + 16. Suppose 0 = 4*p + 1388 - 460. Let j = p + 259. What is the highest common divisor of a and j?
9
Let w = -31 + 36. Suppose w*r - 2*l = l + 375, -2*l = -r + 68. Calculate the greatest common divisor of r and 117.
39
Let u be (55/33 + -2*1)*-123. Calculate the highest common divisor of 451 and u.
41
Suppose 588 = -6*b - 8*b. Let h = 62 - b. What is the greatest common divisor of 78 and h?
26
Suppose 4*o - o + 4*s - 23 = 0, 0 = o + 4*s - 5. Suppose -13*q = -o*q + 80. Let n be (q/12)/(1/(-24)). What is the greatest common divisor of n and 16?
8
Suppose -303 = -5*u - 3. Suppose 3*i = 231 + 39. What is the greatest common factor of i and u?
30
Suppose -m + 213 = -3*h, 1005 = 5*m - 11*h + 8*h. Calculate the highest common factor of m and 22.
22
Let d(s) = -s**3 - 8*s**2 - 14*s - 12. Let k be d(-7). What is the highest common factor of k and 925?
37
Suppose 2 = -g + 7. Let a(b) = -49 + 52 - 4*b + 0*b**2 + b**2. Let h be a(g). What is the greatest common divisor of h and 16?
8
Let p(q) = -3*q + 5. Let l be p(-3). Calculate the highest common factor of 77 and l.
7
Let b = -667 - -781. Calculate the highest common factor of b and 6.
6
Let u be (-1 - 0)*-2 - -2. Let l be ((-9)/u)/(5/20). Let k be l/(-6)*(-4 - -6). Calculate the highest common divisor of k and 21.
3
Suppose -5*b - 5*a + 2*a = -1280, -1024 = -4*b - 3*a. Calculate the greatest common factor of b and 16.
16
Suppose 127 = 20*w - 493. Let j be 4 - (2 + -2 - -2). Suppose -2*r = -j*p - 10, r + 4*p + 11 = w. What is the highest common factor of r and 56?
8
Let w be 12/(-15)*(-45)/(-6). Let u(x) = x**2 - 5*x - 4. Let p be u(w). Let q = -38 + p. Calculate the greatest common factor of q and 36.
12
Let x(j) = 2*j**3 + 14*j**2 - j + 4. Let v be x(-7). What is the greatest common factor of v and 11?
11
Suppose 5*t = -45 - 10. Let b = 24 + t. Suppose 0 = -3*s + u + 310, -2*u = -4*s + u + 410. What